[INFO] cloning repository https://github.com/Byron/catchit-rs
[INFO] running `Command { std: "git" "-c" "credential.helper=" "-c" "credential.helper=/workspace/cargo-home/bin/git-credential-null" "clone" "--bare" "https://github.com/Byron/catchit-rs" "/workspace/cache/git-repos/https%3A%2F%2Fgithub.com%2FByron%2Fcatchit-rs", kill_on_drop: false }`
[INFO] [stderr] Cloning into bare repository '/workspace/cache/git-repos/https%3A%2F%2Fgithub.com%2FByron%2Fcatchit-rs'...
[INFO] running `Command { std: "git" "rev-parse" "HEAD", kill_on_drop: false }`
[INFO] [stdout] 6e79b10923aa877f81bb0c79e02fb08b29d4ddbc
[INFO] checking Byron/catchit-rs against master#e6e4f7ed1589e03bc2f6c5931c1a72e7947e8682 for beta-170-4
[INFO] running `Command { std: "git" "clone" "/workspace/cache/git-repos/https%3A%2F%2Fgithub.com%2FByron%2Fcatchit-rs" "/workspace/builds/worker-2-tc2/source", kill_on_drop: false }`
[INFO] [stderr] Cloning into '/workspace/builds/worker-2-tc2/source'...
[INFO] [stderr] done.
[INFO] validating manifest of git repo https://github.com/Byron/catchit-rs on toolchain e6e4f7ed1589e03bc2f6c5931c1a72e7947e8682
[INFO] running `Command { std: CARGO_HOME="/workspace/cargo-home" RUSTUP_HOME="/workspace/rustup-home" "/workspace/cargo-home/bin/cargo" "+e6e4f7ed1589e03bc2f6c5931c1a72e7947e8682" "metadata" "--manifest-path" "Cargo.toml" "--no-deps", kill_on_drop: false }`
[INFO] started tweaking git repo https://github.com/Byron/catchit-rs
[INFO] finished tweaking git repo https://github.com/Byron/catchit-rs
[INFO] tweaked toml for git repo https://github.com/Byron/catchit-rs written to /workspace/builds/worker-2-tc2/source/Cargo.toml
[INFO] crate git repo https://github.com/Byron/catchit-rs already has a lockfile, it will not be regenerated
[INFO] running `Command { std: CARGO_HOME="/workspace/cargo-home" RUSTUP_HOME="/workspace/rustup-home" "/workspace/cargo-home/bin/cargo" "+e6e4f7ed1589e03bc2f6c5931c1a72e7947e8682" "fetch" "--manifest-path" "Cargo.toml", kill_on_drop: false }`
[INFO] running `Command { std: "docker" "create" "-v" "/var/lib/crater-agent-workspace/builds/worker-2-tc2/target:/opt/rustwide/target:rw,Z" "-v" "/var/lib/crater-agent-workspace/builds/worker-2-tc2/source:/opt/rustwide/workdir:ro,Z" "-v" "/var/lib/crater-agent-workspace/cargo-home:/opt/rustwide/cargo-home:ro,Z" "-v" "/var/lib/crater-agent-workspace/rustup-home:/opt/rustwide/rustup-home:ro,Z" "-e" "SOURCE_DIR=/opt/rustwide/workdir" "-e" "CARGO_TARGET_DIR=/opt/rustwide/target" "-e" "CARGO_HOME=/opt/rustwide/cargo-home" "-e" "RUSTUP_HOME=/opt/rustwide/rustup-home" "-w" "/opt/rustwide/workdir" "-m" "1610612736" "--user" "0:0" "--network" "none" "ghcr.io/rust-lang/crates-build-env/linux@sha256:19e73879b68f455e41552ea35293514db52ea292d993f571636dbffedb77a1ee" "/opt/rustwide/cargo-home/bin/cargo" "+e6e4f7ed1589e03bc2f6c5931c1a72e7947e8682" "metadata" "--no-deps" "--format-version=1", kill_on_drop: false }`
[INFO] [stdout] 9982a6996236f8ec3369b0be890e42a38eb9517c6cf2139738bc227c64d2816d
[INFO] running `Command { std: "docker" "start" "-a" "9982a6996236f8ec3369b0be890e42a38eb9517c6cf2139738bc227c64d2816d", kill_on_drop: false }`
[INFO] running `Command { std: "docker" "inspect" "9982a6996236f8ec3369b0be890e42a38eb9517c6cf2139738bc227c64d2816d", kill_on_drop: false }`
[INFO] running `Command { std: "docker" "rm" "-f" "9982a6996236f8ec3369b0be890e42a38eb9517c6cf2139738bc227c64d2816d", kill_on_drop: false }`
[INFO] [stdout] 9982a6996236f8ec3369b0be890e42a38eb9517c6cf2139738bc227c64d2816d
[INFO] running `Command { std: "docker" "create" "-v" "/var/lib/crater-agent-workspace/builds/worker-2-tc2/target:/opt/rustwide/target:rw,Z" "-v" "/var/lib/crater-agent-workspace/builds/worker-2-tc2/source:/opt/rustwide/workdir:ro,Z" "-v" "/var/lib/crater-agent-workspace/cargo-home:/opt/rustwide/cargo-home:ro,Z" "-v" "/var/lib/crater-agent-workspace/rustup-home:/opt/rustwide/rustup-home:ro,Z" "-e" "SOURCE_DIR=/opt/rustwide/workdir" "-e" "CARGO_TARGET_DIR=/opt/rustwide/target" "-e" "CARGO_INCREMENTAL=0" "-e" "RUST_BACKTRACE=full" "-e" "RUSTFLAGS=--cap-lints=forbid" "-e" "RUSTDOCFLAGS=--cap-lints=forbid" "-e" "CARGO_HOME=/opt/rustwide/cargo-home" "-e" "RUSTUP_HOME=/opt/rustwide/rustup-home" "-w" "/opt/rustwide/workdir" "-m" "1610612736" "--user" "0:0" "--network" "none" "ghcr.io/rust-lang/crates-build-env/linux@sha256:19e73879b68f455e41552ea35293514db52ea292d993f571636dbffedb77a1ee" "/opt/rustwide/cargo-home/bin/cargo" "+e6e4f7ed1589e03bc2f6c5931c1a72e7947e8682" "check" "--frozen" "--all" "--all-targets" "--message-format=json", kill_on_drop: false }`
[INFO] [stdout] 36fdf2038a191ba50819598ebe905aaf05053889cf0e46373108deefd9c1a534
[INFO] running `Command { std: "docker" "start" "-a" "36fdf2038a191ba50819598ebe905aaf05053889cf0e46373108deefd9c1a534", kill_on_drop: false }`
[INFO] [stderr]     Checking libc v0.2.11
[INFO] [stderr]    Compiling bitflags v0.7.0
[INFO] [stderr]     Checking rustc-serialize v0.3.19
[INFO] [stderr]    Compiling winapi-build v0.1.1
[INFO] [stderr]     Checking num-traits v0.1.32
[INFO] [stderr]    Compiling gcc v0.3.28
[INFO] [stderr]     Checking winapi v0.2.7
[INFO] [stderr]     Checking bitflags v0.6.0
[INFO] [stderr]    Compiling log v0.3.6
[INFO] [stderr]    Compiling khronos_api v1.0.0
[INFO] [stderr]    Compiling semver v0.1.20
[INFO] [stderr]     Checking piston-float v0.2.0
[INFO] [stderr]    Compiling libloading v0.2.2
[INFO] [stderr]     Checking lazy_static v0.2.1
[INFO] [stderr]    Compiling xml-rs v0.3.4
[INFO] [stderr]     Checking lazy_static v0.1.16
[INFO] [stderr]     Checking byteorder v0.5.1
[INFO] [stderr]    Compiling pkg-config v0.3.8
[INFO] [stderr]     Checking shader_version v0.2.1
[INFO] [stderr]     Checking piston-viewport v0.2.0
[INFO] [stderr]     Checking draw_state v0.6.0
[INFO] [stderr]     Checking lzw v0.10.0
[INFO] [stderr]     Checking color_quant v1.0.0
[INFO] [stdout] error[E0642]: patterns aren't allowed in functions without bodies
[INFO] [stdout]    --> /opt/rustwide/cargo-home/registry/src/index.crates.io-6f17d22bba15001f/rustc-serialize-0.3.19/src/serialize.rs:147:45
[INFO] [stdout]     |
[INFO] [stdout] 147 | ...                   &f_name: &str,
[INFO] [stdout]     |                       ^^^^^^^ pattern not allowed in function without body
[INFO] [stdout] 
[INFO] [stdout] 
[INFO] [stderr]     Checking inflate v0.1.1
[INFO] [stderr]    Compiling kernel32-sys v0.2.2
[INFO] [stderr]     Checking crossbeam v0.2.9
[INFO] [stderr]    Compiling rustc_version v0.1.7
[INFO] [stderr]     Checking glob v0.2.11
[INFO] [stderr]     Checking odds v0.2.14
[INFO] [stderr]    Compiling x11-dl v2.5.1
[INFO] [stderr]     Checking rand v0.3.14
[INFO] [stderr]     Checking num_cpus v0.2.12
[INFO] [stderr]     Checking gfx_core v0.3.1
[INFO] [stderr]     Checking num-integer v0.1.32
[INFO] [stderr]     Checking gif v0.8.0
[INFO] [stderr]     Checking piston-texture v0.4.0
[INFO] [stderr]     Checking nodrop v0.1.6
[INFO] [stderr]     Checking shared_library v0.1.4
[INFO] [stderr]    Compiling tempfile v2.1.3
[INFO] [stderr]    Compiling ndarray v0.3.1
[INFO] [stderr]     Checking vecmath v0.2.0
[INFO] [stderr]     Checking byteorder v0.4.2
[INFO] [stderr]     Checking num-iter v0.1.32
[INFO] [stderr]     Checking fs2 v0.2.4
[INFO] [stderr]    Compiling freetype-sys v0.3.1
[INFO] [stderr]     Checking read_color v0.1.0
[INFO] [stderr]     Checking itertools v0.4.15
[INFO] [stderr]     Checking interpolation v0.1.0
[INFO] [stderr]     Checking stb_truetype v0.2.0
[INFO] [stderr]     Checking memmap v0.2.3
[INFO] [stderr]     Checking dlib v0.3.0
[INFO] [stderr]    Compiling miniz-sys v0.1.7
[INFO] [stderr]    Compiling libz-sys v1.0.3
[INFO] [stderr]     Checking piston2d-graphics v0.16.0
[INFO] [stderr]    Compiling gl_generator v0.5.1
[INFO] [stderr]    Compiling wayland-scanner v0.5.11
[INFO] [stderr]     Checking wayland-sys v0.5.11
[INFO] [stderr]     Checking deque v0.3.1
[INFO] [stderr]     Checking time v0.1.35
[INFO] [stderr]     Checking rayon v0.3.1
[INFO] [stdout] error: aborting due to previous error
[INFO] [stdout] 
[INFO] [stdout] 
[INFO] [stdout] For more information about this error, try `rustc --explain E0642`.
[INFO] [stdout] 
[INFO] [stderr]     Checking osmesa-sys v0.1.0
[INFO] [stderr] error: could not compile `rustc-serialize` (lib) due to 2 previous errors; 1 warning emitted
[INFO] [stderr] warning: build failed, waiting for other jobs to finish...
[INFO] [stdout] error[E0277]: the size for values of type `Self` cannot be known at compilation time
[INFO] [stdout]   --> /opt/rustwide/cargo-home/registry/src/index.crates.io-6f17d22bba15001f/rayon-0.3.1/src/par_iter/internal.rs:25:40
[INFO] [stdout]    |
[INFO] [stdout] 25 |     fn split_at(self, index: usize) -> (Self, Self);
[INFO] [stdout]    |                                        ^^^^^^^^^^^^ doesn't have a size known at compile-time
[INFO] [stdout]    |
[INFO] [stdout]    = note: only the last element of a tuple may have a dynamically sized type
[INFO] [stdout] help: consider further restricting `Self`
[INFO] [stdout]    |
[INFO] [stdout] 25 |     fn split_at(self, index: usize) -> (Self, Self) where Self: Sized;
[INFO] [stdout]    |                                                     +++++++++++++++++
[INFO] [stdout] 
[INFO] [stdout] 
[INFO] [stdout] error[E0277]: the size for values of type `Self` cannot be known at compilation time
[INFO] [stdout]   --> /opt/rustwide/cargo-home/registry/src/index.crates.io-6f17d22bba15001f/rayon-0.3.1/src/par_iter/internal.rs:42:40
[INFO] [stdout]    |
[INFO] [stdout] 42 |     fn split_at(self, index: usize) -> (Self, Self, Self::Reducer);
[INFO] [stdout]    |                                        ^^^^^^^^^^^^^^^^^^^^^^^^^^^ doesn't have a size known at compile-time
[INFO] [stdout]    |
[INFO] [stdout]    = note: only the last element of a tuple may have a dynamically sized type
[INFO] [stdout] help: consider further restricting `Self`
[INFO] [stdout]    |
[INFO] [stdout] 42 |     fn split_at(self, index: usize) -> (Self, Self, Self::Reducer) where Self: Sized;
[INFO] [stdout]    |                                                                    +++++++++++++++++
[INFO] [stdout] 
[INFO] [stdout] 
[INFO] [stdout] error: aborting due to 2 previous errors
[INFO] [stdout] 
[INFO] [stdout] 
[INFO] [stdout] For more information about this error, try `rustc --explain E0277`.
[INFO] [stdout] 
[INFO] [stderr] error: could not compile `rayon` (lib) due to 3 previous errors
[INFO] running `Command { std: "docker" "inspect" "36fdf2038a191ba50819598ebe905aaf05053889cf0e46373108deefd9c1a534", kill_on_drop: false }`
[INFO] running `Command { std: "docker" "rm" "-f" "36fdf2038a191ba50819598ebe905aaf05053889cf0e46373108deefd9c1a534", kill_on_drop: false }`
[INFO] [stdout] 36fdf2038a191ba50819598ebe905aaf05053889cf0e46373108deefd9c1a534
